 -866 - 23010?
-23876
In base 6, what is 1504315 + -1305?
1503010
In base 10, what is 619445 - 22?
619423
In base 3, what is 1220110120 + -12112?
1220021001
In base 9, what is 308675 - 371?
308304
In base 3, what is 12122200100120000 + 10?
12122200100120010
In base 9, what is 101 + 1323428?
1323530
In base 10, what is 4 + 135372281?
135372285
In base 8, what is -11354715 - -4?
-11354711
In base 7, what is 3 - -106063154?
106063160
In base 5, what is -124013200 - 3?
-124013203
In base 2, what is -110010111000010100010110 - 1?
-110010111000010100010111
In base 2, what is -11001010110111001110110111 - 10101?
-11001010110111001111001100
In base 9, what is 2118207 - 4?
2118203
In base 11, what is -1638 + -94625?
-96162
In base 9, what is -353742 + -2074?
-355826
In base 7, what is -3534 - 311430?
-315264
In base 6, what is 3315203 - 2322?
3312441
In base 10, what is -1387980 + -23?
-1388003
In base 2, what is 1001100000 - -10101000001101?
10110001101101
In base 12, what is 47858 + -a6?
47772
In base 3, what is -1110022 - 100121201?
-102002000
In base 11, what is -1549 + -159?
-16a7
In base 11, what is 3 + 8a8087?
8a808a
In base 3, what is 11011221102 + 1012011?
11020010120
In base 5, what is -11322013002 + 4?
-11322012443
In base 12, what is 1594bb5b + -5?
1594bb56
In base 10, what is 9224307 - 6?
9224301
In base 5, what is 0 - -204022310313?
204022310313
In base 12, what is a5b92 - 1b40?
a4052
In base 13, what is 0 - 2a9621cc?
-2a9621cc
In base 4, what is 132322220331 + 203?
132322221200
In base 7, what is 211 - -4610061?
4610302
In base 10, what is 941 - -127726?
128667
In base 13, what is -14b77 + 325?
-14852
In base 4, what is 2030320212 - 10020?
2030310132
In base 14, what is 2 + 3ab4b32?
3ab4b34
In base 10, what is -5 - -733912?
733907
In base 9, what is 21258 - 11306?
8852
In base 15, what is 10 - -18051a?
18052a
In base 7, what is -126220 - 5351?
-134601
In base 4, what is 133200112331 + -32?
133200112233
In base 3, what is -102000112002121 + 12?
-102000112002102
In base 5, what is 100331134 - -4221?
100340410
In base 15, what is 24 - 10642?
-1061d
In base 13, what is -5 + -a03b3c?
-a03b44
In base 9, what is -2536452 + -86?
-2536548
In base 3, what is -10022201121 + 110122?
-10022020222
In base 6, what is -3031315 - 3002?
-3034321
In base 11, what is -58851980 - 5?
-58851985
In base 3, what is 2221112211120 - 112?
2221112211001
In base 13, what is -133b062 - -8?
-133b057
In base 4, what is -1001 + -10010011103?
-10010012110
In base 13, what is -a0586a - 8?
-a05875
In base 16, what is 29 - -10c26?
10c4f
In base 12, what is 6 - -bb63898?
bb638a2
In base 9, what is 164840530 + 0?
164840530
In base 13, what is 4 + 1309603a?
13096041
In base 7, what is -1422212 + -1644?
-1424156
In base 11, what is 160 + -738805?
-738655
In base 12, what is -a8 - 10715?
-10801
In base 13, what is b9a + -24972?
-23aa5
In base 14, what is 2d - -160bd7?
160c26
In base 5, what is -2 - -114034043?
114034041
In base 5, what is 3430444 + 1443?
3432442
In base 8, what is -4 + -462534050?
-462534054
In base 16, what is -16612 + -6d?
-1667f
In base 15, what is -4 - 57b9a?
-57b9e
In base 3, what is -21120 + 102010010?
101211120
In base 14, what is 11d8c3 - 773?
11d150
In base 6, what is 5353532453 + 1?
5353532454
In base 11, what is 360135 - 186?
35aa5a
In base 5, what is 1200414 + 1214?
1202133
In base 3, what is 10211110120122 + 212?
10211110121111
In base 16, what is c + -2283e39?
-2283e2d
In base 11, what is 232297 + 1a5?
232491
In base 8, what is 314366 - 70?
314276
In base 5, what is -30 + -100214221?
-100214301
In base 14, what is 1d4d - bc?
1c71
In base 11, what is -14 + -499139?
-499152
In base 16, what is -f + ecf992?
ecf983
In base 11, what is 11566762 - -4?
11566766
In base 16, what is -2e - 32b91?
-32bbf
In base 4, what is -2032003313330 - -2?
-2032003313322
In base 15, what is -12aa - -bb?
-11de
In base 5, what is 4 + 11221303140?
11221303144
In base 9, what is -77316 - -104?
-77212
In base 5, what is 13113 - -30032?
43200
In base 12, what is -33785a67 - 0?
-33785a67
In base 13, what is -29 + 8b63b?
8b612
In base 13, what is 682 + -410a?
-3758
In base 12, what is -3384790 + 8?
-3384784
In base 7, what is 630 + -446460?
-445530
In base 2, what is -1101 + 101011100111100011000?
101011100111100001011
In base 14, what is 0 - d58c3b0?
-d58c3b0
In base 10, what is -777269 - -5?
-777264
In base 13, what is -2 + 15b2c6a?
15b2c68
In base 16, what is -b0ca68 - -4?
-b0ca64
In base 16, what is -3 - -1160bc?
1160b9
In base 15, what is -b4 - 22a3?
-2367
In base 6, what is -10 - 300314450?
-300314500
In base 3, what is -22202 + -111112101?
-111212010
In base 2, what is -11101001001101 + -10?
-11101001001111
In base 5, what is 4 - -102133410441?
102133411000
In base 6, what is 223153 + -54241?
124512
In base 8, what is -6 + 2366571?
2366563
In base 15, what is -256c984 + 1?
-256c983
In base 6, what is -354200 + 2545?
-351211
In base 16, what is 58232d + -1e?
58230f
In base 14, what is 10c - -1d668?
1d776
In base 15, what is -3b929 - 15c?
-3ba86
In base 14, what is -85 + -356b9?
-35760
In base 11, what is -5 - -9888a31?
9888a27
In base 2, what is -11 - 1101011111000101111110001?
-1101011111000101111110100
In base 6, what is -2 + -32133520050?
-32133520052
In base 5, what is -1144023404 - -112?
-1144023242
In base 5, what is -1 - 100112340340?
-100112340341
In base 10, what is -76 + 1370333?
1370257
In base 7, what is 542046 - 34?
542012
In base 7, what is 125 - 10343442?
-10343314
In base 8, what is 14642 - -4543?
21405
In base 15, what is 1e08103 + 1?
1e08104
In base 10, what is 1 + -92984696?
-92984695
In base 4, what is -2 + 2021232023?
2021232021
In base 8, what is 74225620 + 3?
74225623
In base 9, what is 561346 - -306?
561653
In base 13, what is caa4 - 50?
ca54
In base 2, what is 110100000000001 - -1010110101101?
111110110101110
In base 12, what is -2a5809 + 11?
-2a57b8
In base 10, what is 90 - -101096?
101186
In base 10, what is 14069 - 55394?
-41325
In base 2, what is -110101110101100001001001010 - 0?
-110101110101100001001001010
In base 5, what is -201440 - 13004311?
-13211301
In base 15, what is -3 - -4765a7d?
4765a7a
In base 10, what is -92515944 + 5?
-92515939
In base 14, what is 3 + ad69cd?
ad69d2
In base 6, what is -133 + 44322220?
44322043
In base 2, what is 100010100011001110110 + -100?
100010100011001110010
In base 6, what is -32152540 - -25?
-32152511
In base 13, what is -1412885cb + 3?
-1412885c8
In base 2, what is -11111011100 - -10010110001101111?
10010010010010011
In base 13, what is -1 - -843a2c?
843a2b
In base 10, what is 3881 + 19733?
23614
In base 10, what is -17 + -2006980?
-2006997
In base 3, what is 10000001120002 - -22?
10000001120101
In base 12, what is -41711584 + -7?
-4171158b
In base 7, what is -5 + 1206153513?
1206153505
In base 4, what is 33002313 + -333?
33001320
In base 6, what is -1 - 1240015234?
-1240015235
In base 13, what is 26 - 19219?
-191c3
In base 16, what is -1 - -36dfb?
36dfa
In base 7, what is -3 - 4423243?
-4423246
In base 9, what is -27 + 647748?
647721
In base 7, what is -1400233643 + 0?
-1400233643
In base 10, what is 4 - 2938887?
-2938883
In base 8, what is -5 + -65701430?
-65701435
In base 15, what is -1da0 + -55?
-1e05
In base 8, what is -5 + 603442724?
603442717
In base 2, what is 10001011100111110000000 + 1100000?
10001011100111111100000
In base 10, what is 3 + -209307410?
-209307407
In base 11, what is 17762 - -1268?
18a1a
In base 8, what is -1254 - 47601?
-51055
In base 5, what is -2141 - 2412141?
-2414332
In base 14, what is 0 + -95845?
-95845
In base 3, what is 10221012 - -201111212?
212110001
In base 11, what is -a5567846 - 2?
-a5567848
In base 11, what is 177 + 3222?
3399
In base 5, what is 1102 + -2101100224?
-2101044122
In base 16, what is 85967 - 792?
851d5
In base 9, what is -40 + 661171?
661131
In base 8, what is -1537070 + -202?
-1537272
In base 12, what is -10 - -20ab6346?
20ab6336
In base 15, what is -531 + 39de?
34ad
In base 11, what is -282481 - 22?
-2824a3
In base 9, what is -406 - -118811?
118404
In base 12, what is 1 + 418408?
418409
In base 2, what is -111 + -101110001001110001110?
-101110001001110010101
In base 14, what is -3 - 61d0c1?
-61d0c4
In base 15, what is -868d4e - -18?
-868d36
In base